{"id":655,"date":"2015-04-11T01:10:45","date_gmt":"2015-04-11T01:10:45","guid":{"rendered":"http:\/\/alegasparello.com\/?page_id=655"},"modified":"2017-06-13T14:14:08","modified_gmt":"2017-06-13T14:14:08","slug":"ale-gasparello","status":"publish","type":"page","link":"http:\/\/alegasparello.com\/?page_id=655","title":{"rendered":"Ale Gasparello"},"content":{"rendered":"<p style=\"font-size: 22px;\">Sou paulistano. Formado em publicidade e propaganda. Diretor de arte\u00a0e\u00a0designer gr\u00e1fico.\u00a0Experiente em\u00a0Comunica\u00e7\u00e3o de Marca, Publicidade off e on-line, PDV e Visual Merchandising.<\/p>\n<p>Espero que tenham curtido\u00a0os trabalhos selecionados. <strong>E\u00a0vejam\u00a0abaixo<\/strong> alguns lugares que trabalhei, ag\u00eancias, estudios de design, no Brasil e no exterior, para\u00a0conhecer um pouco mais sobre\u00a0minha experi\u00eancia.<\/p>\n<hr class=\"pixcode  pixcode--separator  separator separator--striped\"\/>\n<div class=\"pixslider js-pixslider\" data-arrows data-bullets data-autoheight data-slidertransition=\"move\">\n<div class=\"slide\">\n<blockquote class=\"pixcode  pixcode--testimonial  testimonial testimonial--small-text\">\n\t<div class=\"testimonial__content\">\n<p>Ag\u00eancia que sou parceiro\u00a0desde 2009. Como\u00a0head of art trabalhei\u00a0para v\u00e1rias marcas de Health, como <strong>Doril<\/strong>, <strong>Benegrip<\/strong>, <strong>Gelol<\/strong>, <strong>Atroveran<\/strong>, <strong>Apracur<\/strong>, <strong>Merthiolate<\/strong>, <strong>Epocler<\/strong>, <strong>Fluviral<\/strong>, <strong>Pom Pom<\/strong>, <strong>ZeroCal<\/strong>\u00a0e\u00a0<strong>Neoquimica<\/strong>. Beleza com <strong>Monange<\/strong> e <strong>Denorex<\/strong>. Moda com <strong>Crawford<\/strong>, <strong>Siberian<\/strong> e <strong>Memove<\/strong>. <strong>Porto Seguro Cart\u00f5es<\/strong>. <strong>Royal Caribbean<\/strong> viagens. <strong>RedeTV!<\/strong> <strong>Continental Shopping<\/strong> e os filantr\u00f3picos para o <strong>Instituto Rolling Stone<\/strong> e <strong>Santa F\u00e9<\/strong>.<\/p>\n<\/div>\n\n\t\t\t\t<a href=\"#\">\n\t\t\n\t\t<div class=\"testimonial__author-name\">Woody Comunica\u00e7\u00e3o<\/div>\n\n\t\t\t\t\t<\/a>\n\t\t\t\t\t<div class=\"testimonial__author-title\">S\u00e3o Paulo<\/div>\n\t\t<\/blockquote>\n\n<\/div>\n<div class=\"slide\">\n<blockquote class=\"pixcode  pixcode--testimonial  testimonial testimonial--small-text\">\n\t<div class=\"testimonial__content\">\n<p>Nesse per\u00edodo, de 2002 a 2009, criei para\u00a0<strong>C&amp;A<\/strong>, cat\u00e1logos de moda, promo\u00e7\u00f5es e PDV completo. <strong>Guerreiro J\u00f3ias<\/strong>, cat\u00e1logos e PDV. Cat\u00e1logos e an\u00fancios para <strong>GRSA<\/strong>. Jogos pra <strong>Estrela<\/strong>, entre outros clientes, como <strong>AVIS\u00a0<\/strong>Rent a Car, <strong>Videolar<\/strong> e <strong>FGV<\/strong>.<\/p>\n<\/div>\n\n\t\t\t\t<a href=\"#\">\n\t\t\n\t\t<div class=\"testimonial__author-name\">Ag\u00eancia X<\/div>\n\n\t\t\t\t\t<\/a>\n\t\t\t\t\t<div class=\"testimonial__author-title\">S\u00e3o Paulo<\/div>\n\t\t<\/blockquote>\n\n<\/div>\n<div class=\"slide\">\n<blockquote class=\"pixcode  pixcode--testimonial  testimonial testimonial--small-text\">\n\t<div class=\"testimonial__content\">\n<p>Na Index, em 2001, junto\u00a0com o designer Rubens Altieri, criamos e produzimos o livro de decora\u00e7\u00e3o da <strong>Ana Maria Vieira Santos<\/strong>. O livro do <strong>Cesar Giobbi<\/strong>. Criamos\u00a0a nova identidade dos cat\u00e1logos\u00a0da <strong>CasaCor\u00ae<\/strong>. Desenvolvemos as embalagens de Kitchen Aid e acess\u00f3rios da <strong>Brastemp<\/strong>.<strong> Emp\u00f3rio Santa Maria<\/strong>\u00a0e<strong> Capodarte<\/strong>.<\/p>\n<\/div>\n\n\t\t\t\t<a href=\"#\">\n\t\t\n\t\t<div class=\"testimonial__author-name\">Index Graphic Design<\/div>\n\n\t\t\t\t\t<\/a>\n\t\t\t\t\t<div class=\"testimonial__author-title\">S\u00e3o Paulo<\/div>\n\t\t<\/blockquote>\n\n<\/div>\n<div class=\"slide\">\n<blockquote class=\"pixcode  pixcode--testimonial  testimonial testimonial--small-text\">\n\t<div class=\"testimonial__content\">\n<p>Na By Design durante 5 anos, aprendi muito com feras,\u00a0como Bill Martinez e Flavio Marialva.\u00a0Eram cria\u00e7\u00f5es\u00a0para <strong>VivaVida<\/strong>, moda feminina. <strong>Crawford<\/strong> e <strong>Siberian<\/strong> para Valdac. E foi na By Design que come\u00e7amos a criar para a <strong>C&amp;A<\/strong> e <strong>Banco ibi<\/strong>.<\/p>\n<\/div>\n\n\t\t\t\t<a href=\"#\">\n\t\t\n\t\t<div class=\"testimonial__author-name\">By Design<\/div>\n\n\t\t\t\t\t<\/a>\n\t\t\t\t\t<div class=\"testimonial__author-title\">S\u00e3o Paulo<\/div>\n\t\t<\/blockquote>\n\n<\/div>\n<div class=\"slide\">\n<blockquote class=\"pixcode  pixcode--testimonial  testimonial testimonial--small-text\">\n\t<div class=\"testimonial__content\">\n<p>Como designer gr\u00e1fico na\u00a0Bianco &amp; Cucco, em 95, voltei a trabalhar\u00a0com Giovanni Bianco e Susanna Cucco. Com sede em Mil\u00e3o, o est\u00fadio criava para <strong>Forum<\/strong>, <strong>SPFW<\/strong>, a cantora <strong>Marina Lima<\/strong>, <strong>Daslu<\/strong> entre outros.<\/p>\n<\/div>\n\n\t\t\t\t<a href=\"#\">\n\t\t\n\t\t<div class=\"testimonial__author-name\">Bianco &amp; Cucco - Design Studio<\/div>\n\n\t\t\t\t\t<\/a>\n\t\t\t\t\t<div class=\"testimonial__author-title\">S\u00e3o Paulo\/Mil\u00e3o<\/div>\n\t\t<\/blockquote>\n\n<\/div>\n<div class=\"slide\">\n<blockquote class=\"pixcode  pixcode--testimonial  testimonial testimonial--small-text\">\n\t<div class=\"testimonial__content\">\n<p>Como designer training, nesse studio em\u00a0Londres, no final de 94,\u00a0ajudei a desenvolver os packs de uma linha infantil de pilhas,\u00a0para as lojas<strong>\u00a0Boots<\/strong>. Bem divertido.<\/p>\n<\/div>\n\n\t\t\t\t<a href=\"#\">\n\t\t\n\t\t<div class=\"testimonial__author-name\">Lewis Moberly - Design Consultants<\/div>\n\n\t\t\t\t\t<\/a>\n\t\t\t\t\t<div class=\"testimonial__author-title\">Londres<\/div>\n\t\t<\/blockquote>\n\n<\/div>\n<div class=\"slide\">\n<blockquote class=\"pixcode  pixcode--testimonial  testimonial testimonial--small-text\">\n\t<div class=\"testimonial__content\">\n<p>Na Identica, ainda em 94 como designer training, participava do projeto da\u00a0<strong>Gordon&#8217;s\u00a0<\/strong>Dry Gin, com o designer Jimmy Young. Eram mock-ups que me surpreendiam pela perfei\u00e7\u00e3o e a riqueza de detalhes.<\/p>\n<\/div>\n\n\t\t\t\t<a href=\"#\">\n\t\t\n\t\t<div class=\"testimonial__author-name\">Identica Limited - Design Studio<\/div>\n\n\t\t\t\t\t<\/a>\n\t\t\t\t\t<div class=\"testimonial__author-title\">Londres<\/div>\n\t\t<\/blockquote>\n\n<\/div>\n<div class=\"slide\">\n<blockquote class=\"pixcode  pixcode--testimonial  testimonial testimonial--small-text\">\n\t<div class=\"testimonial__content\">\n<p>Posso dizer que aqui em Mil\u00e3o, em 94, comecei a entender o que era design gr\u00e1fico. E foi com um italo-brasileiro, Giovanni Bianco, s\u00f3cio da DOM Design na \u00e9poca, que aprendi os primeiros truques da profiss\u00e3o, e com Matteo Bologna os primeiros desenhos no Macintosh. Faz\u00edamos <strong>Mandarina Duck<\/strong>, <strong>Panettone Motta<\/strong>, e alguns clientes do Brasil,\u00a0<strong>Forum<\/strong>, <strong>Galeria Camargo Villa\u00e7a<\/strong> e artistas como <strong>Daniel Senise<\/strong>.<\/p>\n<\/div>\n\n\t\t\t\t<a href=\"#\">\n\t\t\n\t\t<div class=\"testimonial__author-name\">Dom Design<\/div>\n\n\t\t\t\t\t<\/a>\n\t\t\t\t\t<div class=\"testimonial__author-title\">Mil\u00e3o<\/div>\n\t\t<\/blockquote>\n\n<\/div>\n<div class=\"slide\">\n<blockquote class=\"pixcode  pixcode--testimonial  testimonial testimonial--small-text\">\n\t<div class=\"testimonial__content\">\n<p>Inicio da carreira. Nessa \u00e9poca cri\u00e1vamos para <strong>Dinners Club<\/strong>, <strong>Colgate<\/strong>, <strong>Ajinomoto<\/strong>, <strong>Chivas<\/strong> e <strong>Faber Castell<\/strong>.<\/p>\n<\/div>\n\n\t\t\t\t<a href=\"#\">\n\t\t\n\t\t<div class=\"testimonial__author-name\">FCB\/Siboney - Publicidade<\/div>\n\n\t\t\t\t\t<\/a>\n\t\t\t\t\t<div class=\"testimonial__author-title\">S\u00e3o Paulo<\/div>\n\t\t<\/blockquote>\n\n<\/div>\n<\/div>\n<p>&nbsp;<\/p>\n","protected":false},"excerpt":{"rendered":"<p>Sou paulistano. Formado em publicidade e propaganda. Diretor de arte\u00a0e\u00a0designer gr\u00e1fico.\u00a0Experiente em\u00a0Comunica\u00e7\u00e3o de Marca, Publicidade off e on-line, PDV e Visual Merchandising. Espero que tenham curtido\u00a0os trabalhos selecionados. E\u00a0vejam\u00a0abaixo alguns lugares que trabalhei, ag\u00eancias, estudios de design, no Brasil e no exterior, para\u00a0conhecer um pouco mais sobre\u00a0minha experi\u00eancia. &nbsp;<\/p>\n","protected":false},"author":1,"featured_media":673,"parent":0,"menu_order":0,"comment_status":"closed","ping_status":"open","template":"","meta":{"footnotes":""},"_links":{"self":[{"href":"http:\/\/alegasparello.com\/index.php?rest_route=\/wp\/v2\/pages\/655"}],"collection":[{"href":"http:\/\/alegasparello.com\/index.php?rest_route=\/wp\/v2\/pages"}],"about":[{"href":"http:\/\/alegasparello.com\/index.php?rest_route=\/wp\/v2\/types\/page"}],"author":[{"embeddable":true,"href":"http:\/\/alegasparello.com\/index.php?rest_route=\/wp\/v2\/users\/1"}],"replies":[{"embeddable":true,"href":"http:\/\/alegasparello.com\/index.php?rest_route=%2Fwp%2Fv2%2Fcomments&post=655"}],"version-history":[{"count":45,"href":"http:\/\/alegasparello.com\/index.php?rest_route=\/wp\/v2\/pages\/655\/revisions"}],"predecessor-version":[{"id":1308,"href":"http:\/\/alegasparello.com\/index.php?rest_route=\/wp\/v2\/pages\/655\/revisions\/1308"}],"wp:featuredmedia":[{"embeddable":true,"href":"http:\/\/alegasparello.com\/index.php?rest_route=\/wp\/v2\/media\/673"}],"wp:attachment":[{"href":"http:\/\/alegasparello.com\/index.php?rest_route=%2Fwp%2Fv2%2Fmedia&parent=655"}],"curies":[{"name":"wp","href":"https:\/\/api.w.org\/{rel}","templated":true}]}}