{"id":603,"date":"2015-04-10T04:51:34","date_gmt":"2015-04-10T04:51:34","guid":{"rendered":"http:\/\/alegasparello.com\/?page_id=603"},"modified":"2015-05-30T03:11:30","modified_gmt":"2015-05-30T03:11:30","slug":"ghost","status":"publish","type":"page","link":"http:\/\/alegasparello.com\/?page_id=603","title":{"rendered":"Ghosts"},"content":{"rendered":"<p>&nbsp;<\/p>\n<div id=\"attachment_1146\" style=\"width: 970px\" class=\"wp-caption aligncenter\"><a href=\"http:\/\/alegasparello.com\/wp-content\/uploads\/2015\/04\/icarros_ALE-1.jpg\"><img loading=\"lazy\" decoding=\"async\" aria-describedby=\"caption-attachment-1146\" class=\"wp-image-1146 size-large\" src=\"http:\/\/alegasparello.com\/wp-content\/uploads\/2015\/04\/icarros_ALE-1-1024x724.jpg\" alt=\"icarros_ALE-1\" width=\"960\" height=\"679\" srcset=\"http:\/\/alegasparello.com\/wp-content\/uploads\/2015\/04\/icarros_ALE-1-1024x724.jpg 1024w, http:\/\/alegasparello.com\/wp-content\/uploads\/2015\/04\/icarros_ALE-1-300x212.jpg 300w, http:\/\/alegasparello.com\/wp-content\/uploads\/2015\/04\/icarros_ALE-1-800x566.jpg 800w, http:\/\/alegasparello.com\/wp-content\/uploads\/2015\/04\/icarros_ALE-1-500x354.jpg 500w, http:\/\/alegasparello.com\/wp-content\/uploads\/2015\/04\/icarros_ALE-1.jpg 1697w\" sizes=\"(max-width: 960px) 100vw, 960px\" \/><\/a><p id=\"caption-attachment-1146\" class=\"wp-caption-text\">iCarros &#8211; Dire\u00e7\u00e3o de arte: Ale Gasparello &#8211; Reda\u00e7\u00e3o: Jader Rossetto<\/p><\/div>\n<p>&nbsp;<\/p>\n<div id=\"attachment_1147\" style=\"width: 970px\" class=\"wp-caption aligncenter\"><a href=\"http:\/\/alegasparello.com\/wp-content\/uploads\/2015\/04\/icarros_ALE-2.jpg\"><img loading=\"lazy\" decoding=\"async\" aria-describedby=\"caption-attachment-1147\" class=\"wp-image-1147 size-large\" src=\"http:\/\/alegasparello.com\/wp-content\/uploads\/2015\/04\/icarros_ALE-2-1024x724.jpg\" alt=\"icarros_ALE-2\" width=\"960\" height=\"679\" srcset=\"http:\/\/alegasparello.com\/wp-content\/uploads\/2015\/04\/icarros_ALE-2-1024x724.jpg 1024w, http:\/\/alegasparello.com\/wp-content\/uploads\/2015\/04\/icarros_ALE-2-300x212.jpg 300w, http:\/\/alegasparello.com\/wp-content\/uploads\/2015\/04\/icarros_ALE-2-800x566.jpg 800w, http:\/\/alegasparello.com\/wp-content\/uploads\/2015\/04\/icarros_ALE-2-500x354.jpg 500w, http:\/\/alegasparello.com\/wp-content\/uploads\/2015\/04\/icarros_ALE-2.jpg 1697w\" sizes=\"(max-width: 960px) 100vw, 960px\" \/><\/a><p id=\"caption-attachment-1147\" class=\"wp-caption-text\">iCarros &#8211; Dire\u00e7\u00e3o de arte: Ale Gasparello &#8211; Reda\u00e7\u00e3o: Jader Rossetto<\/p><\/div>\n<p>&nbsp;<\/p>\n<div id=\"attachment_1148\" style=\"width: 970px\" class=\"wp-caption aligncenter\"><a href=\"http:\/\/alegasparello.com\/wp-content\/uploads\/2015\/04\/icarros_ALE-3.jpg\"><img loading=\"lazy\" decoding=\"async\" aria-describedby=\"caption-attachment-1148\" class=\"wp-image-1148 size-large\" src=\"http:\/\/alegasparello.com\/wp-content\/uploads\/2015\/04\/icarros_ALE-3-1024x724.jpg\" alt=\"icarros_ALE-3\" width=\"960\" height=\"679\" srcset=\"http:\/\/alegasparello.com\/wp-content\/uploads\/2015\/04\/icarros_ALE-3-1024x724.jpg 1024w, http:\/\/alegasparello.com\/wp-content\/uploads\/2015\/04\/icarros_ALE-3-300x212.jpg 300w, http:\/\/alegasparello.com\/wp-content\/uploads\/2015\/04\/icarros_ALE-3-800x566.jpg 800w, http:\/\/alegasparello.com\/wp-content\/uploads\/2015\/04\/icarros_ALE-3-500x354.jpg 500w, http:\/\/alegasparello.com\/wp-content\/uploads\/2015\/04\/icarros_ALE-3.jpg 1697w\" sizes=\"(max-width: 960px) 100vw, 960px\" \/><\/a><p id=\"caption-attachment-1148\" class=\"wp-caption-text\">iCarros &#8211; Dire\u00e7\u00e3o de arte: Ale Gasparello &#8211; Reda\u00e7\u00e3o: Jader Rossetto<\/p><\/div>\n<div id=\"attachment_1149\" style=\"width: 970px\" class=\"wp-caption aligncenter\"><a href=\"http:\/\/alegasparello.com\/wp-content\/uploads\/2015\/04\/icarros_ALE-4.jpg\"><img loading=\"lazy\" decoding=\"async\" aria-describedby=\"caption-attachment-1149\" class=\"wp-image-1149 size-large\" src=\"http:\/\/alegasparello.com\/wp-content\/uploads\/2015\/04\/icarros_ALE-4-1024x724.jpg\" alt=\"icarros_ALE-4\" width=\"960\" height=\"679\" srcset=\"http:\/\/alegasparello.com\/wp-content\/uploads\/2015\/04\/icarros_ALE-4-1024x724.jpg 1024w, http:\/\/alegasparello.com\/wp-content\/uploads\/2015\/04\/icarros_ALE-4-300x212.jpg 300w, http:\/\/alegasparello.com\/wp-content\/uploads\/2015\/04\/icarros_ALE-4-800x566.jpg 800w, http:\/\/alegasparello.com\/wp-content\/uploads\/2015\/04\/icarros_ALE-4-500x354.jpg 500w, http:\/\/alegasparello.com\/wp-content\/uploads\/2015\/04\/icarros_ALE-4.jpg 1697w\" sizes=\"(max-width: 960px) 100vw, 960px\" \/><\/a><p id=\"caption-attachment-1149\" class=\"wp-caption-text\">iCarros &#8211; Dire\u00e7\u00e3o de arte: Ale Gasparello &#8211; Reda\u00e7\u00e3o: Jader Rossetto<\/p><\/div>\n<p>&nbsp;<\/p>\n<div id=\"attachment_548\" style=\"width: 970px\" class=\"wp-caption aligncenter\"><a href=\"http:\/\/alegasparello.com\/wp-content\/uploads\/2015\/04\/FogoChao_01.jpg\"><img loading=\"lazy\" decoding=\"async\" aria-describedby=\"caption-attachment-548\" class=\"wp-image-548 size-large\" src=\"http:\/\/alegasparello.com\/wp-content\/uploads\/2015\/04\/FogoChao_01-1024x723.jpg\" alt=\"Fogo de Ch\u00e3o Churrascaria\" width=\"960\" height=\"678\" srcset=\"http:\/\/alegasparello.com\/wp-content\/uploads\/2015\/04\/FogoChao_01-1024x723.jpg 1024w, http:\/\/alegasparello.com\/wp-content\/uploads\/2015\/04\/FogoChao_01-300x212.jpg 300w, http:\/\/alegasparello.com\/wp-content\/uploads\/2015\/04\/FogoChao_01-800x565.jpg 800w, http:\/\/alegasparello.com\/wp-content\/uploads\/2015\/04\/FogoChao_01-500x353.jpg 500w, http:\/\/alegasparello.com\/wp-content\/uploads\/2015\/04\/FogoChao_01.jpg 1699w\" sizes=\"(max-width: 960px) 100vw, 960px\" \/><\/a><p id=\"caption-attachment-548\" class=\"wp-caption-text\">Fogo de Ch\u00e3o Churrascaria &#8211; Dire\u00e7\u00e3o de arte: Ale Gasparello &#8211; Reda\u00e7\u00e3o: Fernando Segredo<\/p><\/div>\n<p>&nbsp;<\/p>\n<div id=\"attachment_549\" style=\"width: 970px\" class=\"wp-caption aligncenter\"><a href=\"http:\/\/alegasparello.com\/wp-content\/uploads\/2015\/04\/FogoChao_02.jpg\"><img loading=\"lazy\" decoding=\"async\" aria-describedby=\"caption-attachment-549\" class=\"wp-image-549 size-large\" src=\"http:\/\/alegasparello.com\/wp-content\/uploads\/2015\/04\/FogoChao_02-1024x723.jpg\" alt=\"Fogo de Ch\u00e3o\" width=\"960\" height=\"678\" srcset=\"http:\/\/alegasparello.com\/wp-content\/uploads\/2015\/04\/FogoChao_02-1024x723.jpg 1024w, http:\/\/alegasparello.com\/wp-content\/uploads\/2015\/04\/FogoChao_02-300x212.jpg 300w, http:\/\/alegasparello.com\/wp-content\/uploads\/2015\/04\/FogoChao_02-800x565.jpg 800w, http:\/\/alegasparello.com\/wp-content\/uploads\/2015\/04\/FogoChao_02-500x353.jpg 500w, http:\/\/alegasparello.com\/wp-content\/uploads\/2015\/04\/FogoChao_02.jpg 1699w\" sizes=\"(max-width: 960px) 100vw, 960px\" \/><\/a><p id=\"caption-attachment-549\" class=\"wp-caption-text\">Fogo de Ch\u00e3o Churrascaria &#8211; Dire\u00e7\u00e3o de arte: Ale Gasparello &#8211; Reda\u00e7\u00e3o: Fernando Segredo<\/p><\/div>\n<p>&nbsp;<\/p>\n<div id=\"attachment_1141\" style=\"width: 970px\" class=\"wp-caption aligncenter\"><a href=\"http:\/\/alegasparello.com\/wp-content\/uploads\/2015\/04\/Pontal_03.jpg\"><img loading=\"lazy\" decoding=\"async\" aria-describedby=\"caption-attachment-1141\" class=\"wp-image-1141 size-large\" src=\"http:\/\/alegasparello.com\/wp-content\/uploads\/2015\/04\/Pontal_03-1024x724.jpg\" alt=\"Pontal_03\" width=\"960\" height=\"679\" srcset=\"http:\/\/alegasparello.com\/wp-content\/uploads\/2015\/04\/Pontal_03-1024x724.jpg 1024w, http:\/\/alegasparello.com\/wp-content\/uploads\/2015\/04\/Pontal_03-300x212.jpg 300w, http:\/\/alegasparello.com\/wp-content\/uploads\/2015\/04\/Pontal_03-800x566.jpg 800w, http:\/\/alegasparello.com\/wp-content\/uploads\/2015\/04\/Pontal_03-500x354.jpg 500w, http:\/\/alegasparello.com\/wp-content\/uploads\/2015\/04\/Pontal_03.jpg 1697w\" sizes=\"(max-width: 960px) 100vw, 960px\" \/><\/a><p id=\"caption-attachment-1141\" class=\"wp-caption-text\">Pontal Cal\u00e7ados &#8211; Dire\u00e7\u00e3o de arte: Ale Gasparello &#8211; Reda\u00e7\u00e3o: Fernando Segredo<\/p><\/div>\n<div id=\"attachment_1142\" style=\"width: 970px\" class=\"wp-caption aligncenter\"><a href=\"http:\/\/alegasparello.com\/wp-content\/uploads\/2015\/04\/Pontal_02.jpg\"><img loading=\"lazy\" decoding=\"async\" aria-describedby=\"caption-attachment-1142\" class=\"wp-image-1142 size-large\" src=\"http:\/\/alegasparello.com\/wp-content\/uploads\/2015\/04\/Pontal_02-1024x724.jpg\" alt=\"Pontal_02\" width=\"960\" height=\"679\" srcset=\"http:\/\/alegasparello.com\/wp-content\/uploads\/2015\/04\/Pontal_02-1024x724.jpg 1024w, http:\/\/alegasparello.com\/wp-content\/uploads\/2015\/04\/Pontal_02-300x212.jpg 300w, http:\/\/alegasparello.com\/wp-content\/uploads\/2015\/04\/Pontal_02-800x566.jpg 800w, http:\/\/alegasparello.com\/wp-content\/uploads\/2015\/04\/Pontal_02-500x354.jpg 500w, http:\/\/alegasparello.com\/wp-content\/uploads\/2015\/04\/Pontal_02.jpg 1697w\" sizes=\"(max-width: 960px) 100vw, 960px\" \/><\/a><p id=\"caption-attachment-1142\" class=\"wp-caption-text\">Pontal Cal\u00e7ados &#8211; Dire\u00e7\u00e3o de arte: Ale Gasparello &#8211; Reda\u00e7\u00e3o: Fernando Segredo<\/p><\/div>\n<p>&nbsp;<\/p>\n<div id=\"attachment_1113\" style=\"width: 970px\" class=\"wp-caption aligncenter\"><a href=\"http:\/\/alegasparello.com\/wp-content\/uploads\/2015\/04\/BlackFriday_ALE.jpg\"><img loading=\"lazy\" decoding=\"async\" aria-describedby=\"caption-attachment-1113\" class=\"wp-image-1113 size-large\" src=\"http:\/\/alegasparello.com\/wp-content\/uploads\/2015\/04\/BlackFriday_ALE-1024x682.jpg\" alt=\"BlackFriday_ALE\" width=\"960\" height=\"639\" srcset=\"http:\/\/alegasparello.com\/wp-content\/uploads\/2015\/04\/BlackFriday_ALE-1024x682.jpg 1024w, http:\/\/alegasparello.com\/wp-content\/uploads\/2015\/04\/BlackFriday_ALE-300x200.jpg 300w, http:\/\/alegasparello.com\/wp-content\/uploads\/2015\/04\/BlackFriday_ALE-800x532.jpg 800w, http:\/\/alegasparello.com\/wp-content\/uploads\/2015\/04\/BlackFriday_ALE-500x333.jpg 500w, http:\/\/alegasparello.com\/wp-content\/uploads\/2015\/04\/BlackFriday_ALE.jpg 1803w\" sizes=\"(max-width: 960px) 100vw, 960px\" \/><\/a><p id=\"caption-attachment-1113\" class=\"wp-caption-text\">Black Friday Aliansce &#8211; Dire\u00e7\u00e3o de arte: Ale Gasparello &#8211; Reda\u00e7\u00e3o: Hercules Torres<\/p><\/div>\n<div id=\"attachment_1122\" style=\"width: 970px\" class=\"wp-caption aligncenter\"><a href=\"http:\/\/alegasparello.com\/wp-content\/uploads\/2015\/04\/An_Varejo_Ilustra.jpg\"><img loading=\"lazy\" decoding=\"async\" aria-describedby=\"caption-attachment-1122\" class=\"wp-image-1122 size-large\" src=\"http:\/\/alegasparello.com\/wp-content\/uploads\/2015\/04\/An_Varejo_Ilustra-1024x777.jpg\" alt=\"An_Varejo_Ilustra\" width=\"960\" height=\"728\" srcset=\"http:\/\/alegasparello.com\/wp-content\/uploads\/2015\/04\/An_Varejo_Ilustra-1024x777.jpg 1024w, http:\/\/alegasparello.com\/wp-content\/uploads\/2015\/04\/An_Varejo_Ilustra-300x228.jpg 300w, http:\/\/alegasparello.com\/wp-content\/uploads\/2015\/04\/An_Varejo_Ilustra-800x607.jpg 800w, http:\/\/alegasparello.com\/wp-content\/uploads\/2015\/04\/An_Varejo_Ilustra-500x380.jpg 500w, http:\/\/alegasparello.com\/wp-content\/uploads\/2015\/04\/An_Varejo_Ilustra.jpg 1581w\" sizes=\"(max-width: 960px) 100vw, 960px\" \/><\/a><p id=\"caption-attachment-1122\" class=\"wp-caption-text\">Netshoes &#8211; Dire\u00e7\u00e3o de arte: Ale Gasparello &#8211; Reda\u00e7\u00e3o: Fernando Segredo<\/p><\/div>\n<p>&nbsp;<\/p>\n<div id=\"attachment_1118\" style=\"width: 970px\" class=\"wp-caption aligncenter\"><a href=\"http:\/\/alegasparello.com\/wp-content\/uploads\/2015\/04\/BoatShow_OndasOhtake.jpg\"><img loading=\"lazy\" decoding=\"async\" aria-describedby=\"caption-attachment-1118\" class=\"wp-image-1118 size-large\" src=\"http:\/\/alegasparello.com\/wp-content\/uploads\/2015\/04\/BoatShow_OndasOhtake-1024x768.jpg\" alt=\"Print\" width=\"960\" height=\"720\" srcset=\"http:\/\/alegasparello.com\/wp-content\/uploads\/2015\/04\/BoatShow_OndasOhtake-1024x768.jpg 1024w, http:\/\/alegasparello.com\/wp-content\/uploads\/2015\/04\/BoatShow_OndasOhtake-300x225.jpg 300w, http:\/\/alegasparello.com\/wp-content\/uploads\/2015\/04\/BoatShow_OndasOhtake-800x600.jpg 800w, http:\/\/alegasparello.com\/wp-content\/uploads\/2015\/04\/BoatShow_OndasOhtake-500x375.jpg 500w, http:\/\/alegasparello.com\/wp-content\/uploads\/2015\/04\/BoatShow_OndasOhtake.jpg 1599w\" sizes=\"(max-width: 960px) 100vw, 960px\" \/><\/a><p id=\"caption-attachment-1118\" class=\"wp-caption-text\">Boat Show &#8211; Dire\u00e7\u00e3o de arte: Ale Gasparello &#8211; Reda\u00e7\u00e3o: Edson Fernandes<\/p><\/div>\n<div id=\"attachment_1115\" style=\"width: 777px\" class=\"wp-caption aligncenter\"><a href=\"http:\/\/alegasparello.com\/wp-content\/uploads\/2015\/04\/BoatShow_Obelisco.jpg\"><img loading=\"lazy\" decoding=\"async\" aria-describedby=\"caption-attachment-1115\" class=\"wp-image-1115 size-large\" src=\"http:\/\/alegasparello.com\/wp-content\/uploads\/2015\/04\/BoatShow_Obelisco-767x1024.jpg\" alt=\"Print\" width=\"767\" height=\"1024\" srcset=\"http:\/\/alegasparello.com\/wp-content\/uploads\/2015\/04\/BoatShow_Obelisco-767x1024.jpg 767w, http:\/\/alegasparello.com\/wp-content\/uploads\/2015\/04\/BoatShow_Obelisco-225x300.jpg 225w, http:\/\/alegasparello.com\/wp-content\/uploads\/2015\/04\/BoatShow_Obelisco-800x1068.jpg 800w, http:\/\/alegasparello.com\/wp-content\/uploads\/2015\/04\/BoatShow_Obelisco-500x667.jpg 500w, http:\/\/alegasparello.com\/wp-content\/uploads\/2015\/04\/BoatShow_Obelisco.jpg 899w\" sizes=\"(max-width: 767px) 100vw, 767px\" \/><\/a><p id=\"caption-attachment-1115\" class=\"wp-caption-text\">Boat Show &#8211; Dire\u00e7\u00e3o de arte: Ale Gasparello &#8211; Reda\u00e7\u00e3o: Edson Fernandes<\/p><\/div>\n<p><a href=\"http:\/\/alegasparello.com\/wp-content\/uploads\/2015\/04\/BoatShow_Copan.jpg\"><br \/>\n<\/a><\/p>\n<p>&nbsp;<\/p>\n<div id=\"attachment_857\" style=\"width: 970px\" class=\"wp-caption aligncenter\"><a href=\"http:\/\/alegasparello.com\/wp-content\/uploads\/2015\/04\/CA_PrimaVeraoTatoo_02.jpg\"><img loading=\"lazy\" decoding=\"async\" aria-describedby=\"caption-attachment-857\" class=\"wp-image-857 size-large\" src=\"http:\/\/alegasparello.com\/wp-content\/uploads\/2015\/04\/CA_PrimaVeraoTatoo_02-1024x1024.jpg\" alt=\"C&amp;A_PrimaVeraoTatoo_02\" width=\"960\" height=\"960\" srcset=\"http:\/\/alegasparello.com\/wp-content\/uploads\/2015\/04\/CA_PrimaVeraoTatoo_02-1024x1024.jpg 1024w, http:\/\/alegasparello.com\/wp-content\/uploads\/2015\/04\/CA_PrimaVeraoTatoo_02-150x150.jpg 150w, http:\/\/alegasparello.com\/wp-content\/uploads\/2015\/04\/CA_PrimaVeraoTatoo_02-300x300.jpg 300w, http:\/\/alegasparello.com\/wp-content\/uploads\/2015\/04\/CA_PrimaVeraoTatoo_02-800x800.jpg 800w, http:\/\/alegasparello.com\/wp-content\/uploads\/2015\/04\/CA_PrimaVeraoTatoo_02-500x500.jpg 500w, http:\/\/alegasparello.com\/wp-content\/uploads\/2015\/04\/CA_PrimaVeraoTatoo_02.jpg 1200w\" sizes=\"(max-width: 960px) 100vw, 960px\" \/><\/a><p id=\"caption-attachment-857\" class=\"wp-caption-text\">C&amp;A &#8211; Dire\u00e7\u00e3o de arte: Ale Gasparello<\/p><\/div>\n<p>&nbsp;<\/p>\n<div id=\"attachment_856\" style=\"width: 970px\" class=\"wp-caption aligncenter\"><a href=\"http:\/\/alegasparello.com\/wp-content\/uploads\/2015\/04\/CA_PrimaVeraoTatoo_01.jpg\"><img loading=\"lazy\" decoding=\"async\" aria-describedby=\"caption-attachment-856\" class=\"wp-image-856 size-large\" src=\"http:\/\/alegasparello.com\/wp-content\/uploads\/2015\/04\/CA_PrimaVeraoTatoo_01-1024x1024.jpg\" alt=\"C&amp;A_PrimaVeraoTatoo_01\" width=\"960\" height=\"960\" srcset=\"http:\/\/alegasparello.com\/wp-content\/uploads\/2015\/04\/CA_PrimaVeraoTatoo_01-1024x1024.jpg 1024w, http:\/\/alegasparello.com\/wp-content\/uploads\/2015\/04\/CA_PrimaVeraoTatoo_01-150x150.jpg 150w, http:\/\/alegasparello.com\/wp-content\/uploads\/2015\/04\/CA_PrimaVeraoTatoo_01-300x300.jpg 300w, http:\/\/alegasparello.com\/wp-content\/uploads\/2015\/04\/CA_PrimaVeraoTatoo_01-800x800.jpg 800w, http:\/\/alegasparello.com\/wp-content\/uploads\/2015\/04\/CA_PrimaVeraoTatoo_01-500x500.jpg 500w, http:\/\/alegasparello.com\/wp-content\/uploads\/2015\/04\/CA_PrimaVeraoTatoo_01.jpg 1200w\" sizes=\"(max-width: 960px) 100vw, 960px\" \/><\/a><p id=\"caption-attachment-856\" class=\"wp-caption-text\">C&amp;A &#8211; Dire\u00e7\u00e3o de arte: Ale Gasparello<\/p><\/div>\n<p>&nbsp;<\/p>\n","protected":false},"excerpt":{"rendered":"<p>&nbsp; &nbsp; &nbsp; &nbsp; &nbsp; &nbsp; &nbsp; &nbsp; &nbsp; &nbsp; &nbsp;<\/p>\n","protected":false},"author":1,"featured_media":1177,"parent":51,"menu_order":3,"comment_status":"closed","ping_status":"closed","template":"","meta":{"footnotes":""},"_links":{"self":[{"href":"http:\/\/alegasparello.com\/index.php?rest_route=\/wp\/v2\/pages\/603"}],"collection":[{"href":"http:\/\/alegasparello.com\/index.php?rest_route=\/wp\/v2\/pages"}],"about":[{"href":"http:\/\/alegasparello.com\/index.php?rest_route=\/wp\/v2\/types\/page"}],"author":[{"embeddable":true,"href":"http:\/\/alegasparello.com\/index.php?rest_route=\/wp\/v2\/users\/1"}],"replies":[{"embeddable":true,"href":"http:\/\/alegasparello.com\/index.php?rest_route=%2Fwp%2Fv2%2Fcomments&post=603"}],"version-history":[{"count":22,"href":"http:\/\/alegasparello.com\/index.php?rest_route=\/wp\/v2\/pages\/603\/revisions"}],"predecessor-version":[{"id":1174,"href":"http:\/\/alegasparello.com\/index.php?rest_route=\/wp\/v2\/pages\/603\/revisions\/1174"}],"up":[{"embeddable":true,"href":"http:\/\/alegasparello.com\/index.php?rest_route=\/wp\/v2\/pages\/51"}],"wp:featuredmedia":[{"embeddable":true,"href":"http:\/\/alegasparello.com\/index.php?rest_route=\/wp\/v2\/media\/1177"}],"wp:attachment":[{"href":"http:\/\/alegasparello.com\/index.php?rest_route=%2Fwp%2Fv2%2Fmedia&parent=603"}],"curies":[{"name":"wp","href":"https:\/\/api.w.org\/{rel}","templated":true}]}}